base 5, what is -120 - 12331?
-13001
In base 13, what is -aa05 - -2?
-aa03
In base 15, what is -2c1e7 - -4?
-2c1e3
In base 16, what is -2 - -5f268?
5f266
In base 10, what is 39 - -21457?
21496
In base 6, what is -3052 - -4320?
1224
In base 3, what is 102222120122 - 2?
102222120120
In base 7, what is -11 - 622?
-633
In base 3, what is -21 - 1101121222?
-1101122020
In base 7, what is 203 + -205?
-2
In base 13, what is -18a6 - -37?
-186c
In base 8, what is -116765 - 1?
-116766
In base 3, what is 1220221200 - -21?
1220221221
In base 5, what is 30322420 - 2?
30322413
In base 16, what is 38a - -2c?
3b6
In base 13, what is 5a0c1 - 2?
5a0bc
In base 12, what is 8b2 + 9?
8bb
In base 11, what is 3 + 15865?
15868
In base 7, what is 333 - -620?
1253
In base 13, what is 21 - -169a0?
169c1
In base 7, what is -140 + 1116?
646
In base 8, what is 1017 - -13463?
14502
In base 6, what is 1220030 - 3?
1220023
In base 16, what is -1 - 2834f?
-28350
In base 4, what is 1330031203 - -10?
1330031213
In base 3, what is -1 - 1210002000?
-1210002001
In base 13, what is 15 - c25?
-c10
In base 16, what is -1 - -17bca2?
17bca1
In base 10, what is -2121 + 936?
-1185
In base 4, what is 122320 + 33010?
221330
In base 4, what is 1202120 + 102232?
1311012
In base 7, what is -3 - -152411?
152405
In base 9, what is 48466 + -3?
48463
In base 11, what is 59247 - -8?
59254
In base 15, what is -5 + 8553?
854d
In base 13, what is -4381 + bc?
-4292
In base 4, what is 1212123 - -203?
1212332
In base 13, what is 4a32 + 5?
4a37
In base 3, what is -1010001211 + -2?
-1010001220
In base 15, what is e + -57b6?
-57a7
In base 3, what is -120001 + 100212?
-12012
In base 11, what is 1470a8 + -2?
1470a6
In base 4, what is -10110310211 - -10?
-10110310201
In base 8, what is -253076 - -12?
-253064
In base 13, what is -54c2 + 9?
-54b6
In base 10, what is 4 + -45046?
-45042
In base 15, what is 46861 + 16?
46877
In base 6, what is -251524 + 22?
-251502
In base 5, what is -31003 + -434?
-31442
In base 6, what is -405351 - 15?
-405410
In base 2, what is 101001 - -100101111?
101011000
In base 7, what is 524 + -302?
222
In base 12, what is -99425 - 4?
-99429
In base 13, what is -123 + 217?
c4
In base 15, what is -2 - -24e88?
24e86
In base 11, what is 68 - -8941?
89a9
In base 6, what is -114520 - 50?
-115010
In base 2, what is 111000001100 - -10000111?
111010010011
In base 6, what is -31 + 554225?
554154
In base 6, what is -3 + -1132315?
-1132322
In base 11, what is 155 - 1114?
-a6a
In base 14, what is 1 + 2a01?
2a02
In base 6, what is -5 + -10013004?
-10013013
In base 10, what is 3 - -35564?
35567
In base 2, what is 1010101111 + 1011010011?
10110000010
In base 9, what is 18 + -1664?
-1645
In base 6, what is 133 - -1005?
1142
In base 4, what is -11003302 + 103?
-11003133
In base 6, what is -13 - 352110?
-352123
In base 10, what is 6786 + 14?
6800
In base 5, what is 14224 - 20302?
-1023
In base 13, what is 1 + -b665?
-b664
In base 16, what is 7f8 - -a3?
89b
In base 7, what is 21002 + -6?
20663
In base 15, what is 66 + -1820?
-17a9
In base 9, what is 7258 + 71?
7340
In base 11, what is -73a8 + -4?
-7401
In base 4, what is 1300333 + -103?
1300230
In base 2, what is -1011110011011111000 + 0?
-1011110011011111000
In base 9, what is 1 - -416175?
416176
In base 8, what is 152455 - 6?
152447
In base 16, what is 19443 + -1?
19442
In base 13, what is -14172 - 7?
-14179
In base 5, what is -1034233 - 31?
-1034314
In base 15, what is 11e + -182a?
-170b
In base 13, what is 97 + -250?
-186
In base 2, what is -1001001011111101000 + 10?
-1001001011111100110
In base 4, what is 2112133 + 0?
2112133
In base 14, what is -5 - 9364?
-9369
In base 8, what is -5 + -41664?
-41671
In base 13, what is 25bb + -424?
2197
In base 3, what is -2 - 22111020121?
-22111020200
In base 15, what is -1277 + 3?
-1274
In base 9, what is 5274 + -27?
5246
In base 6, what is 12 - 5432433?
-5432421
In base 8, what is -135 - 12?
-147
In base 14, what is 314c17 + -5?
314c12
In base 16, what is -2 - 18e78?
-18e7a
In base 3, what is -11120220 + -20221?
-11211211
In base 2, what is 1100011101110110111 - 11?
1100011101110110100
In base 7, what is 5 + -2553454?
-2553446
In base 8, what is -256231 - 0?
-256231
In base 6, what is -55 - -10214?
10115
In base 14, what is 1070 + -26?
1048
In base 14, what is 535d - 0?
535d
In base 14, what is -33 - ab?
-100
In base 15, what is 1937d + 4?
19382
In base 11, what is -5054 + 3?
-5051
In base 14, what is 0 + -db82c?
-db82c
In base 3, what is 102 + -111020101101?
-111020100222
In base 13, what is 669c + 0?
669c
In base 5, what is 24204101 + 24?
24204130
In base 13, what is -376cb + 0?
-376cb
In base 12, what is -4b + 896?
847
In base 13, what is 3aa + 26?
403
In base 3, what is -1002022 + -112?
-1002211
In base 11, what is 100a12 - -5?
100a17
In base 5, what is 2140012 - 0?
2140012
In base 5, what is 214213 - -1?
214214
In base 10, what is 326 + 18?
344
In base 2, what is 1101110011000011110111 - 10?
1101110011000011110101
In base 7, what is -226 - -3145?
2616
In base 8, what is 33456 - 5?
33451
In base 12, what is -77b1b - -3?
-77b18
In base 3, what is -11202221 + 2?
-11202212
In base 7, what is -556 - 55?
-644
In base 15, what is b - a3b4?
-a3a8
In base 9, what is 277284 + -34?
277250
In base 8, what is 124 - 3454?
-3330
In base 3, what is 12002 - 2022101?
-2010022
In base 16, what is -2e01d + 5?
-2e018
In base 8, what is 3056 + 462?
3540
In base 7, what is 61 - 152?
-61
In base 3, what is 1211001 + -120022?
1020202
In base 12, what is -4 - -b8?
b4
In base 16, what is -ba00 + -4?
-ba04
In base 2, what is -1001011000 + 1101111?
-111101001
In base 2, what is -10001100111011001010 - -101?
-10001100111011000101
In base 5, what is -140 - -120?
-20
In base 3, what is -120222210 - -1010?
-120221200
In base 13, what is 9680 - -9?
9689
In base 10, what is -1 + -291426?
-291427
In base 11, what is 580 - -448?
a18
In base 14, what is -631d32 + 1?
-631d31
In base 16, what is 108 + 10d5?
11dd
In base 13, what is 41 - -7c38?
7c79
In base 10, what is 2 - -39761?
39763
In base 16, what is -5bf7e - -1?
-5bf7d
In base 12, what is -54ab + -174?
-5663
In base 6, what is 1 - 22244512?
-22244511
In base 5, what is 11144 + 23332?
40031
In base 3, what is -12 - -101211201?
101211112
In base 12, what is -2a - 139?
-167
In base 10, what is -155478 + -5?
-155483
In base 6, what is -1500 - 224?
-2124
In base 4, what is -122133 - 2302?
-131101
In base 4, what is 111011 - -23?
111100
In base 16, what is 4f + -3b?
14
In base 10, what is 2 + 56531?
56533
In base 12, what is 3124 - 7?
3119
In base 5, what is 1141434 - -220?
1142204
In base 4, what is -302330332 + -3?
-302331001
In base 16, what is -3 - d6a49?
-d6a4c
In base 12, what is -a + -b11?
-b1b
In base 15, what is 259 + -1b?
23d
In base 5, what is -144 - -130434?
130240
In base 6, what is -1 + 2422441?
2422440
In base 4, what is -12 - 211010111?
-211010123
In base 15, what is 4ea9e + 1?
4eaa0
In base 3, what is -1 + 22002101012?
22002101011
In base 3, what is -101 - -2120111201?
2120111100
In base 11, what is 18 + -2737?
-271a
In base 14, what is -d + -2110a?
-21119
In base 11, what is -a6a - -29?
-a41
In base 13, what is 37 + -aaa1?
-aa67
In base 16, what is 4c3 - 267?
25c
In base 11, what is -a - -627?
618
In base 3, what is -221110 + -111000?
-1102110
In base 3, what is -2 + -102101020110?
-102101020112
In base 12, what is 332 + -1599?
-1267
In base 16, what is 11fd3 + 2?
11fd5
In base 12, what is -47 - -1619?
1592
In base 14, what is -aa12 - 4c?
-aa60
In base 6, what is 20 + 25411?
25431
In base 5, what is 32 - -1310242?
1310324
In base 8, what is 0 + -1361352?
-1361352
In base 8, what is -15 + 1726?
1711
In base 9, what is -328 + -38?
-367
In base 16, what is 5 - -e078?
e07d
In base 5, what is -4 + 21112?
21103
In base 6, what is 3 + -4534052?
-4534045
In base 8, what is 453 + 104?
557
In base 5, what is -234 + 123142?
122403
In base 3, what is -112 - 1020001200?
-1020002012
In base 13, what is -6 - -112c11?
112c08
In base 7, what is 3634 - -42?
4006
In base 14, what is -3 + -43c3b?
-43c40
In base 2, what is -101010110011100101 + 100?
-101010110011100001
In base 4, what is -101 - -1113031?
1112330
In base 15, what is 22c7a - -1?
22c7b
In base 16, what is -5 + a550?
a54b
In base 15, wha